{"id":2,"date":"2026-03-12T03:51:51","date_gmt":"2026-03-12T03:51:51","guid":{"rendered":"https:\/\/v2nutrilab.com\/?page_id=2"},"modified":"2026-03-15T20:57:34","modified_gmt":"2026-03-15T20:57:34","slug":"sample-page","status":"publish","type":"page","link":"https:\/\/v2nutrilab.com\/","title":{"rendered":"Sample Page"},"content":{"rendered":"\t\t<div data-elementor-type=\"wp-page\" data-elementor-id=\"2\" class=\"elementor elementor-2\">\n\t\t\t\t<div class=\"elementor-element elementor-element-69dc4aa3 e-flex e-con-boxed e-con e-parent\" data-id=\"69dc4aa3\" data-element_type=\"container\" data-e-type=\"container\" data-settings=\"{&quot;background_background&quot;:&quot;classic&quot;}\">\n\t\t\t\t\t<div class=\"e-con-inner\">\n\t\t\t\t<div class=\"elementor-element elementor-element-77c300e elementor-widget elementor-widget-spacer\" data-id=\"77c300e\" data-element_type=\"widget\" data-e-type=\"widget\" data-widget_type=\"spacer.default\">\n\t\t\t\t\t\t\t<div class=\"elementor-spacer\">\n\t\t\t<div class=\"elementor-spacer-inner\"><\/div>\n\t\t<\/div>\n\t\t\t\t\t\t<\/div>\n\t\t\t\t<div class=\"elementor-element elementor-element-c79478b elementor-widget elementor-widget-image\" data-id=\"c79478b\" data-element_type=\"widget\" data-e-type=\"widget\" data-widget_type=\"image.default\">\n\t\t\t\t\t\t\t\t\t\t\t\t\t\t\t<img fetchpriority=\"high\" decoding=\"async\" width=\"800\" height=\"800\" src=\"https:\/\/v2nutrilab.com\/wp-content\/uploads\/2026\/03\/foto-perfil-face-nutrilab-2.jpg\" class=\"attachment-large size-large wp-image-34\" alt=\"\" srcset=\"https:\/\/v2nutrilab.com\/wp-content\/uploads\/2026\/03\/foto-perfil-face-nutrilab-2.jpg 900w, https:\/\/v2nutrilab.com\/wp-content\/uploads\/2026\/03\/foto-perfil-face-nutrilab-2-300x300.jpg 300w, https:\/\/v2nutrilab.com\/wp-content\/uploads\/2026\/03\/foto-perfil-face-nutrilab-2-150x150.jpg 150w, https:\/\/v2nutrilab.com\/wp-content\/uploads\/2026\/03\/foto-perfil-face-nutrilab-2-768x768.jpg 768w\" sizes=\"(max-width: 800px) 100vw, 800px\" \/>\t\t\t\t\t\t\t\t\t\t\t\t\t\t\t<\/div>\n\t\t\t\t<div class=\"elementor-element elementor-element-4c5d068 elementor-widget elementor-widget-heading\" data-id=\"4c5d068\" data-element_type=\"widget\" data-e-type=\"widget\" data-widget_type=\"heading.default\">\n\t\t\t\t\t<h2 class=\"elementor-heading-title elementor-size-default\">P\u00e1gina en construcci\u00f3n<\/h2>\t\t\t\t<\/div>\n\t\t\t\t<div class=\"elementor-element elementor-element-0fff1e6 elementor-align-center elementor-widget elementor-widget-button\" data-id=\"0fff1e6\" data-element_type=\"widget\" data-e-type=\"widget\" data-widget_type=\"button.default\">\n\t\t\t\t\t\t\t\t\t\t<a class=\"elementor-button elementor-button-link elementor-size-sm elementor-animation-pulse\" href=\"https:\/\/wa.link\/cvfqsx\">\n\t\t\t\t\t\t<span class=\"elementor-button-content-wrapper\">\n\t\t\t\t\t\t\t\t\t<span class=\"elementor-button-text\">Escr\u00edbenos al whatsapp<\/span>\n\t\t\t\t\t<\/span>\n\t\t\t\t\t<\/a>\n\t\t\t\t\t\t\t\t<\/div>\n\t\t\t\t\t<\/div>\n\t\t\t\t<\/div>\n\t\t\t\t<\/div>\n\t\t\n    <div class=\"xs_social_share_widget xs_share_url after_content \t\tmain_content  wslu-style-1 wslu-share-box-shaped wslu-fill-colored wslu-none wslu-share-horizontal wslu-theme-font-no wslu-main_content\">\n\n\t\t\n        <ul>\n\t\t\t        <\/ul>\n    <\/div> \n","protected":false},"excerpt":{"rendered":"<p>P\u00e1gina en construcci\u00f3n Escr\u00edbenos al whatsapp<\/p>\n","protected":false},"author":1,"featured_media":0,"parent":0,"menu_order":0,"comment_status":"closed","ping_status":"open","template":"elementor_canvas","meta":{"postBodyCss":"","postBodyMargin":[],"postBodyPadding":[],"postBodyBackground":{"backgroundType":"classic","gradient":""},"footnotes":""},"class_list":["post-2","page","type-page","status-publish","hentry"],"yoast_head":"<!-- This site is optimized with the Yoast SEO plugin v27.2 - https:\/\/yoast.com\/product\/yoast-seo-wordpress\/ -->\n<title>Sample Page -<\/title>\n<meta name=\"robots\" content=\"index, follow, max-snippet:-1, max-image-preview:large, max-video-preview:-1\" \/>\n<link rel=\"canonical\" href=\"https:\/\/v2nutrilab.com\/\" \/>\n<meta property=\"og:locale\" content=\"es_ES\" \/>\n<meta property=\"og:type\" content=\"article\" \/>\n<meta property=\"og:title\" content=\"Sample Page -\" \/>\n<meta property=\"og:description\" content=\"P\u00e1gina en construcci\u00f3n Escr\u00edbenos al whatsapp\" \/>\n<meta property=\"og:url\" content=\"https:\/\/v2nutrilab.com\/\" \/>\n<meta property=\"article:modified_time\" content=\"2026-03-15T20:57:34+00:00\" \/>\n<meta property=\"og:image\" content=\"https:\/\/v2nutrilab.com\/wp-content\/uploads\/2026\/03\/foto-perfil-face-nutrilab-2.jpg\" \/>\n<meta name=\"twitter:card\" content=\"summary_large_image\" \/>\n<meta name=\"twitter:label1\" content=\"Tiempo de lectura\" \/>\n\t<meta name=\"twitter:data1\" content=\"1 minuto\" \/>\n<script type=\"application\/ld+json\" class=\"yoast-schema-graph\">{\"@context\":\"https:\/\/schema.org\",\"@graph\":[{\"@type\":\"WebPage\",\"@id\":\"https:\/\/v2nutrilab.com\/\",\"url\":\"https:\/\/v2nutrilab.com\/\",\"name\":\"Sample Page -\",\"isPartOf\":{\"@id\":\"https:\/\/v2nutrilab.com\/#website\"},\"primaryImageOfPage\":{\"@id\":\"https:\/\/v2nutrilab.com\/#primaryimage\"},\"image\":{\"@id\":\"https:\/\/v2nutrilab.com\/#primaryimage\"},\"thumbnailUrl\":\"https:\/\/v2nutrilab.com\/wp-content\/uploads\/2026\/03\/foto-perfil-face-nutrilab-2.jpg\",\"datePublished\":\"2026-03-12T03:51:51+00:00\",\"dateModified\":\"2026-03-15T20:57:34+00:00\",\"breadcrumb\":{\"@id\":\"https:\/\/v2nutrilab.com\/#breadcrumb\"},\"inLanguage\":\"es\",\"potentialAction\":[{\"@type\":\"ReadAction\",\"target\":[\"https:\/\/v2nutrilab.com\/\"]}]},{\"@type\":\"ImageObject\",\"inLanguage\":\"es\",\"@id\":\"https:\/\/v2nutrilab.com\/#primaryimage\",\"url\":\"https:\/\/v2nutrilab.com\/wp-content\/uploads\/2026\/03\/foto-perfil-face-nutrilab-2.jpg\",\"contentUrl\":\"https:\/\/v2nutrilab.com\/wp-content\/uploads\/2026\/03\/foto-perfil-face-nutrilab-2.jpg\",\"width\":900,\"height\":900},{\"@type\":\"BreadcrumbList\",\"@id\":\"https:\/\/v2nutrilab.com\/#breadcrumb\",\"itemListElement\":[{\"@type\":\"ListItem\",\"position\":1,\"name\":\"Portada\",\"item\":\"https:\/\/v2nutrilab.com\/\"},{\"@type\":\"ListItem\",\"position\":2,\"name\":\"Sample Page\"}]},{\"@type\":\"WebSite\",\"@id\":\"https:\/\/v2nutrilab.com\/#website\",\"url\":\"https:\/\/v2nutrilab.com\/\",\"name\":\"\",\"description\":\"\",\"potentialAction\":[{\"@type\":\"SearchAction\",\"target\":{\"@type\":\"EntryPoint\",\"urlTemplate\":\"https:\/\/v2nutrilab.com\/?s={search_term_string}\"},\"query-input\":{\"@type\":\"PropertyValueSpecification\",\"valueRequired\":true,\"valueName\":\"search_term_string\"}}],\"inLanguage\":\"es\"}]}<\/script>\n<!-- \/ Yoast SEO plugin. -->","yoast_head_json":{"title":"Sample Page -","robots":{"index":"index","follow":"follow","max-snippet":"max-snippet:-1","max-image-preview":"max-image-preview:large","max-video-preview":"max-video-preview:-1"},"canonical":"https:\/\/v2nutrilab.com\/","og_locale":"es_ES","og_type":"article","og_title":"Sample Page -","og_description":"P\u00e1gina en construcci\u00f3n Escr\u00edbenos al whatsapp","og_url":"https:\/\/v2nutrilab.com\/","article_modified_time":"2026-03-15T20:57:34+00:00","og_image":[{"url":"https:\/\/v2nutrilab.com\/wp-content\/uploads\/2026\/03\/foto-perfil-face-nutrilab-2.jpg","type":"","width":"","height":""}],"twitter_card":"summary_large_image","twitter_misc":{"Tiempo de lectura":"1 minuto"},"schema":{"@context":"https:\/\/schema.org","@graph":[{"@type":"WebPage","@id":"https:\/\/v2nutrilab.com\/","url":"https:\/\/v2nutrilab.com\/","name":"Sample Page -","isPartOf":{"@id":"https:\/\/v2nutrilab.com\/#website"},"primaryImageOfPage":{"@id":"https:\/\/v2nutrilab.com\/#primaryimage"},"image":{"@id":"https:\/\/v2nutrilab.com\/#primaryimage"},"thumbnailUrl":"https:\/\/v2nutrilab.com\/wp-content\/uploads\/2026\/03\/foto-perfil-face-nutrilab-2.jpg","datePublished":"2026-03-12T03:51:51+00:00","dateModified":"2026-03-15T20:57:34+00:00","breadcrumb":{"@id":"https:\/\/v2nutrilab.com\/#breadcrumb"},"inLanguage":"es","potentialAction":[{"@type":"ReadAction","target":["https:\/\/v2nutrilab.com\/"]}]},{"@type":"ImageObject","inLanguage":"es","@id":"https:\/\/v2nutrilab.com\/#primaryimage","url":"https:\/\/v2nutrilab.com\/wp-content\/uploads\/2026\/03\/foto-perfil-face-nutrilab-2.jpg","contentUrl":"https:\/\/v2nutrilab.com\/wp-content\/uploads\/2026\/03\/foto-perfil-face-nutrilab-2.jpg","width":900,"height":900},{"@type":"BreadcrumbList","@id":"https:\/\/v2nutrilab.com\/#breadcrumb","itemListElement":[{"@type":"ListItem","position":1,"name":"Portada","item":"https:\/\/v2nutrilab.com\/"},{"@type":"ListItem","position":2,"name":"Sample Page"}]},{"@type":"WebSite","@id":"https:\/\/v2nutrilab.com\/#website","url":"https:\/\/v2nutrilab.com\/","name":"","description":"","potentialAction":[{"@type":"SearchAction","target":{"@type":"EntryPoint","urlTemplate":"https:\/\/v2nutrilab.com\/?s={search_term_string}"},"query-input":{"@type":"PropertyValueSpecification","valueRequired":true,"valueName":"search_term_string"}}],"inLanguage":"es"}]}},"_links":{"self":[{"href":"https:\/\/v2nutrilab.com\/index.php\/wp-json\/wp\/v2\/pages\/2","targetHints":{"allow":["GET"]}}],"collection":[{"href":"https:\/\/v2nutrilab.com\/index.php\/wp-json\/wp\/v2\/pages"}],"about":[{"href":"https:\/\/v2nutrilab.com\/index.php\/wp-json\/wp\/v2\/types\/page"}],"author":[{"embeddable":true,"href":"https:\/\/v2nutrilab.com\/index.php\/wp-json\/wp\/v2\/users\/1"}],"replies":[{"embeddable":true,"href":"https:\/\/v2nutrilab.com\/index.php\/wp-json\/wp\/v2\/comments?post=2"}],"version-history":[{"count":42,"href":"https:\/\/v2nutrilab.com\/index.php\/wp-json\/wp\/v2\/pages\/2\/revisions"}],"predecessor-version":[{"id":69,"href":"https:\/\/v2nutrilab.com\/index.php\/wp-json\/wp\/v2\/pages\/2\/revisions\/69"}],"wp:attachment":[{"href":"https:\/\/v2nutrilab.com\/index.php\/wp-json\/wp\/v2\/media?parent=2"}],"curies":[{"name":"wp","href":"https:\/\/api.w.org\/{rel}","templated":true}]}}